14021 + -201?
313320
In base 7, what is 54160323 + 14?
54160340
In base 11, what is 20 - 174687?
-174667
In base 16, what is -9 - -930c57?
930c4e
In base 6, what is -323 - 2402450?
-2403213
In base 11, what is -161004956 - 4?
-16100495a
In base 3, what is 1222 + -102022011011?
-102022002012
In base 3, what is 211121 - 1002101211?
-1001120020
In base 14, what is 2332684 + -1?
2332683
In base 13, what is -3 - 2b6826?
-2b6829
In base 12, what is -3 + -4415?
-4418
In base 9, what is 540165 + 3567?
543743
In base 8, what is 652667536 + 2?
652667540
In base 16, what is 17142 + ff?
17241
In base 6, what is 242205 + -5?
242200
In base 7, what is 223120 + 246?
223366
In base 5, what is -2322343341 - -1?
-2322343340
In base 15, what is 4 + 50867d0?
50867d4
In base 12, what is 1b320ab - -a?
1b320b9
In base 5, what is 10 - -140304444000?
140304444010
In base 7, what is -3 + 162562132?
162562126
In base 16, what is 53b6 - 1f5?
51c1
In base 10, what is 1463 + -93312?
-91849
In base 16, what is -7b + -297e49?
-297ec4
In base 2, what is -111001111101010111100101 + 101?
-111001111101010111100000
In base 7, what is 112 + 3336000?
3336112
In base 14, what is -c04 + -1171?
-1d75
In base 8, what is 1126515 - -76?
1126613
In base 8, what is 1332 - 27705?
-26353
In base 6, what is -10 - -44243332?
44243322
In base 2, what is -110011101100011001000100010 - 1?
-110011101100011001000100011
In base 14, what is -8 + d3c602?
d3c5d8
In base 15, what is 4007cc + -55?
400777
In base 13, what is -7155c5 - a?
-715602
In base 3, what is 2211022211102002 + -11?
2211022211101221
In base 13, what is -702 - -103745?
103043
In base 2, what is -100010011100100 + 1011111?
-100010010000101
In base 5, what is 341323 - 2324?
333444
In base 15, what is b740 - -49b?
bbdb
In base 12, what is -1b562059 + -1?
-1b56205a
In base 14, what is 39a - 7c3?
-427
In base 7, what is 322626146 + 4?
322626153
In base 7, what is 4 + 1202160535?
1202160542
In base 2, what is -10 - 1101111000011100000101?
-1101111000011100000111
In base 11, what is -75 - 2228536?
-2228600
In base 16, what is 15 + -10585e?
-105849
In base 8, what is -3255 + 115321?
112044
In base 14, what is -23 + 25d4b4?
25d491
In base 14, what is -1 - 1281b06?
-1281b07
In base 13, what is 15 + -133a2a?
-133a15
In base 3, what is 101 - 2021210121211?
-2021210121110
In base 11, what is 13 + -186a207?
-186a1a4
In base 16, what is -2a1cce32 + -4?
-2a1cce36
In base 6, what is 3432 - -43022?
50454
In base 16, what is -575a - -5430?
-32a
In base 12, what is 6249b - 462?
62039
In base 13, what is -667b312 + -2?
-667b314
In base 2, what is -10011 - 1001101011000000101110100?
-1001101011000000110000111
In base 13, what is -3 - 3ba7cb?
-3ba801
In base 14, what is 1751 + 665a?
7dab
In base 13, what is -c3 - -38790?
3869a
In base 8, what is 54742 + -12162?
42560
In base 11, what is 6 - 6a53335?
-6a5332a
In base 11, what is 7a17563 + -4?
7a1755a
In base 10, what is 119 - 33079?
-32960
In base 9, what is 11062638 - 0?
11062638
In base 4, what is 303103 - -33101102?
100010211
In base 8, what is -2 - -25345111?
25345107
In base 6, what is 104422114 - 134?
104421540
In base 13, what is -11 + -39a255?
-39a266
In base 8, what is -237450400 + -6?
-237450406
In base 16, what is 16cafe0 - 5?
16cafdb
In base 4, what is 20122 + -33101320?
-33021132
In base 4, what is 20232 + -210013?
-123121
In base 13, what is 4a0a - 7c5?
4215
In base 10, what is -4 + -173108?
-173112
In base 6, what is -20201 - 215000?
-235201
In base 15, what is -85e4 - b6?
-86aa
In base 12, what is 142670a - -b?
1426719
In base 10, what is 5873 + 1310?
7183
In base 2, what is -1101101001110011000101000011 + -101?
-1101101001110011000101001000
In base 7, what is 20524044 + -252?
20523462
In base 12, what is -251535 + -32?
-251567
In base 12, what is 344b - -335a?
67a9
In base 6, what is -233351045040 - 4?
-233351045044
In base 6, what is -1535403 - 2023?
-1541430
In base 13, what is -89 + -2ab41?
-2abca
In base 5, what is 13433034122 + -34?
13433034033
In base 7, what is -5 - -213413603?
213413565
In base 16, what is -3 + 212fd2f?
212fd2c
In base 16, what is b8db8 - -18?
b8dd0
In base 12, what is 14b - 2a609?
-2a47a
In base 8, what is 1 + 723050725?
723050726
In base 16, what is 2568da - -9?
2568e3
In base 5, what is 332 - -131002414?
131003301
In base 10, what is -844081 - -8?
-844073
In base 12, what is -2 - 2b3a7006?
-2b3a7008
In base 2, what is -111101111 - -111000000111111001?
111000000000001010
In base 12, what is -48a + 7169?
689b
In base 16, what is -21e7d - -b?
-21e72
In base 15, what is 28b - 5481?
-51e5
In base 2, what is 101011011001000110111 - 11000011?
101011011000101110100
In base 15, what is -10 + 1e29a3c?
1e29a2c
In base 10, what is -80364 - -171?
-80193
In base 9, what is -6688 - -13338?
5540
In base 6, what is -4525 + 434431?
425502
In base 14, what is 21430d80 + 5?
21430d85
In base 15, what is 738d - -4748?
bad6
In base 15, what is 101b7 + -499?
ec1d
In base 10, what is -36891 + -602?
-37493
In base 9, what is -16731686 - 6?
-16731703
In base 9, what is -43176 + 832?
-42244
In base 13, what is -2 - 481796?
-481798
In base 4, what is -310 + 3210330213?
3210323303
In base 10, what is -9312827 - 4?
-9312831
In base 7, what is -53 + -16545351?
-16545434
In base 14, what is -aaba1 - -1?
-aaba0
In base 2, what is -101101010 + 110000011101000?
101111101111110
In base 2, what is 1001000100110011111 + -11111?
1001000100110000000
In base 8, what is 265570 + -144?
265424
In base 3, what is 12 + -2111001221212?
-2111001221200
In base 7, what is 20242625 + -2?
20242623
In base 9, what is 1106 - -285624?
286731
In base 11, what is 1 - -9116a1?
9116a2
In base 11, what is -a03a - 19208?
-28247
In base 16, what is -4 - 33403?
-33407
In base 6, what is -2 + 35433115?
35433113
In base 11, what is 439 + 118949?
119287
In base 7, what is -2421 + -12015151?
-12020602
In base 6, what is 355120 - 241?
354435
In base 7, what is -2 - -23566051?
23566046
In base 8, what is 110423 - -1273?
111716
In base 13, what is -16 + -3ab0484?
-3ab049a
In base 6, what is 2032 - -21325?
23401
In base 13, what is -5 - 245378?
-245380
In base 9, what is -386735 + 761?
-385864
In base 9, what is 5068 + 3548?
8627
In base 7, what is 116450101 - -4?
116450105
In base 5, what is -2124 - -434443111?
434440432
In base 13, what is -2a55bb5 + 0?
-2a55bb5
In base 10, what is 5936 - 2910?
3026
In base 9, what is 7 + 3038077?
3038085
In base 9, what is 122323 + -111?
122212
In base 14, what is 18 + -4457d8?
-4457c0
In base 2, what is 10101010001 - 11011111100111100?
-11011100111101011
In base 15, what is c330e + -1d?
c32e1
In base 8, what is 733136 - -715?
734053
In base 9, what is -21 - -17753511?
17753480
In base 4, what is 1123021330 - -1023?
1123023013
In base 16, what is 8ef7 + -308?
8bef
In base 16, what is -178a3 + 23?
-17880
In base 4, what is 322001212113301 - -2?
322001212113303
In base 11, what is 0 - -1402968a?
1402968a
In base 4, what is -323303132 + -1123?
-323310321
In base 16, what is -246 + 1473e?
144f8
In base 4, what is -13112013 - -131112?
-12320301
In base 16, what is a9b19 - -6?
a9b1f
In base 10, what is -8067 - 227?
-8294
In base 16, what is -12f + 24ac3c?
24ab0d
In base 7, what is -1 + 424216104?
424216103
In base 6, what is 101 - -12201511?
12202012
In base 6, what is 154 - 214024124?
-214023530
In base 12, what is 13a739 - 79?
13a680
In base 8, what is 3501364 - 14?
3501350
In base 6, what is -115535122 - 420?
-115535542
In base 9, what is -5761 + -422?
-6283
In base 11, what is 6aa7 - -263?
725a
In base 13, what is 9 - 164071?
-164065
In base 13, what is -2 + 1a68998?
1a68996
In base 14, what is 2916281 + -5?
291627a
In base 5, what is 21043221 + -121?
21043100
In base 15, what is 23c + -ea87?
-e84a
In base 6, what is -510 + 445540?
445030
In base 6, what is 0 - 313043321?
-313043321
In base 4, what is -1333032232 + 10?
-1333032222
In base 8, what is 212 - 226752?
-226540
In base 8, what is 510 + 204677?
205407
In base 4, what is 3123 - -100302010?
100311133
In base 7, what is -465 - -10132313?
10131515
In base 7, what is -1003 - 140502?
-141505
In base 2, what is -11111001001000000100010101 + -110?
-11111001001000000100011011
In base 15, what is -7 + 253e27d?
253e276
In base 7, what is 3 + -2554